ase 4
133
What is 12 (base 10) in base 14?
c
Convert -a (base 12) to base 8.
-12
Convert 100 (base 2) to base 14.
4
What is -2 (base 4) in base 3?
-2
What is -2 (base 5) in base 9?
-2
121 (base 3) to base 5
31
What is -16 (base 7) in base 14?
-d
Convert 1 (base 15) to base 3.
1
2 (base 12) to base 15
2
-12 (base 10) to base 2
-1100
-74 (base 16) to base 14
-84
What is 1100111 (base 2) in base 8?
147
-5 (base 11) to base 7
-5
12 (base 5) to base 4
13
What is 2 (base 9) in base 4?
2
110 (base 2) to base 12
6
What is 2 (base 3) in base 2?
10
What is 20 (base 5) in base 8?
12
What is 0 (base 14) in base 2?
0
What is -22 (base 6) in base 5?
-24
What is -2 (base 4) in base 7?
-2
What is 130 (base 5) in base 12?
34
Convert 45 (base 10) to base 9.
50
What is 2 (base 8) in base 6?
2
f (base 16) to base 2
1111
Convert 5 (base 10) to base 6.
5
22 (base 3) to base 2
1000
58 (base 13) to base 14
53
Convert 2 (base 14) to base 13.
2
1b (base 15) to base 14
1c
Convert 13 (base 6) to base 14.
9
-16 (base 14) to base 11
-19
Convert -126 (base 10) to base 14.
-90
100 (base 2) to base 11
4
Convert 1b (base 12) to base 11.
21
-13 (base 12) to base 13
-12
What is -304 (base 9) in base 16?
-f7
What is -3 (base 10) in base 6?
-3
Convert -102022 (base 3) to base 14.
-17b
Convert -21 (base 6) to base 7.
-16
Convert -11 (base 5) to base 7.
-6
Convert -5 (base 11) to base 15.
-5
Convert -3 (base 4) to base 13.
-3
103 (base 5) to base 7
40
Convert 13 (base 12) to base 13.
12
Convert 1 (base 5) to base 7.
1
Convert -10000 (base 3) to base 12.
-69
Convert 110 (base 2) to base 13.
6
Convert 16 (base 15) to base 13.
18
4 (base 11) to base 5
4
40 (base 8) to base 7
44
Convert -333 (base 7) to base 10.
-171
What is 3 (base 16) in base 4?
3
-7 (base 14) to base 15
-7
What is 5 (base 12) in base 14?
5
Convert 303 (base 7) to base 2.
10010110
What is -7 (base 8) in base 13?
-7
Convert -103 (base 4) to base 12.
-17
What is -21 (base 6) in base 3?
-111
What is -35 (base 14) in base 10?
-47
14 (base 8) to base 14
c
Convert 0 (base 16) to base 2.
0
-28 (base 13) to base 4
-202
2011 (base 4) to base 15
8d
Convert 302 (base 5) to base 4.
1031
What is 0 (base 9) in base 11?
0
What is -10011101 (base 2) in base 11?
-133
-c2 (base 14) to base 6
-442
Convert 4a (base 13) to base 14.
46
Convert 6 (base 14) to base 16.
6
Convert -1 (base 11) to base 14.
-1
What is 182 (base 10) in base 11?
156
What is 0 (base 2) in base 10?
0
What is -41 (base 5) in base 14?
-17
What is 21 (base 14) in base 2?
11101
10 (base 4) to base 10
4
What is 2 (base 3) in base 8?
2
Convert -116 (base 10) to base 9.
-138
Convert 10 (base 13) to base 12.
11
-1c (base 16) to base 6
-44
What is 2 (base 5) in base 13?
2
What is -10 (base 8) in base 10?
-8
What is -36 (base 8) in base 2?
-11110
What is -4 (base 8) in base 16?
-4
-9 (base 12) to base 16
-9
What is -10 (base 4) in base 9?
-4
What is -12 (base 4) in base 12?
-6
What is 2 (base 8) in base 9?
2
Convert -251 (base 11) to base 8.
-452
-10001 (base 2) to base 4
-101
2 (base 11) to base 12
2
What is -10 (base 4) in base 5?
-4
What is -1 (base 4) in base 8?
-1
Convert -313 (base 6) to base 16.
-75
2c (base 15) to base 4
222
-1 (base 8) to base 15
-1
6 (base 11) to base 3
20
-14 (base 9) to base 2
-1101
What is -4 (base 8) in base 11?
-4
What is 141 (base 9) in base 6?
314
22 (base 4) to base 5
20
Convert 2 (base 5) to base 8.
2
What is -2 (base 6) in base 8?
-2
What is -1 (base 6) in base 14?
-1
Convert -12 (base 6) to base 15.
-8
Convert -73 (base 10) to base 4.
-1021
Convert -10 (base 13) to base 2.
-1101
11001 (base 2) to base 5
100
What is 332 (base 4) in base 2?
111110
What is 46 (base 11) in base 14?
38
What is 173 (base 11) in base 10?
201
Convert -3 (base 4) to base 13.
-3
1102 (base 5) to base 14
ac
Convert 1 (base 8) to base 15.
1
-55 (base 7) to base 16
-28
What is -2222 (base 3) in base 11?
-73
What is -33 (base 9) in base 16?
-1e
What is -520 (base 6) in base 15?
-cc
0 (base 7) to base 2
0
-222 (base 13) to base 16
-16e
Convert -2 (base 11) to base 6.
-2
What is -b7 (base 13) in base 15?
-a0
Convert 6 (base 9) to base 8.
6
What is -1120 (base 3) in base 7?
-60
Convert -1 (base 10) to base 8.
-1
Convert -2 (base 11) to base 9.
-2
-1031 (base 5) to base 7
-261
What is 335 (base 6) in base 4?
2003
4 (base 6) to base 16
4
What is -127 (base 12) in base 15?
-ba
-120 (base 3) to base 4
-33
Convert -8 (base 11) to base 10.
-8
-1 (base 15) to base 16
-1
Convert 0 (base 10) to base 3.
0
What is -122 (base 4) in base 11?
-24
Convert -3 (base 12) to base 7.
-3
-7 (base 14) to base 13
-7
e (base 16) to base 15
e
What is 264 (base 9) in base 11?
190
19 (base 15) to base 5
44
What is 323 (base 6) in base 4?
1323
What is -5 (base 11) in base 10?
-5
0 (base 14) to base 3
0
142 (base 8) to base 14
70
Convert -2 (base 3) to base 5.
-2
Convert 5 (base 12) to base 8.
5
2 (base 4) to base 15
2
What is 11 (base 12) in base 6?
21
What is -3 (base 7) in base 10?
-3
-41 (base 11) to base 13
-36
46 (base 7) to base 2
100010
What is -1100101 (base 2) in base 13?
-7a
Convert -30 (base 14) to base 8.
-52
Convert 4 (base 6) to base 2.
100
Convert -4c (base 15) to base 10.
-72
2d (base 14) to base 16
29
What is -11 (base 8) in base 16?
-9
Convert 124 (base 5) to base 10.
39
What is -10010 (base 2) in base 7?
-24
Convert -2 (base 11) to base 13.
-2
110 (base 2) to base 12
6
Convert -3 (base 9) to base 16.
-3
What is 7 (base 14) in base 13?
7
What is 5 (base 9) in base 7?
5
What is 17 (base 13) in base 9?
22
What is -4 (base 7) in base 5?
-4
Convert 1 (base 13) to base 4.
1
32 (base 12) to base 2
100110
What is -1 (base 4) in base 5?
-1
What is 23 (base 4) in base 8?
13
100 (base 6) to base 4
210
-2 (base 4) to base 9
-2
What is -6 (base 10) in base 14?
-6
Convert -2 (base 14) to base 10.
-2
What is -10 (base 15) in base 12?
-13
Convert 5 (base 16) to base 3.
12
-1b (base 12) to base 4
-113
10110 (base 2) to base 4
112
What is -13 (base 7) in base 15?
-a
232 (base 9) to base 6
515
Convert -4 (base 11) to base 10.
-4
-23 (base 13) to base 3
-1002
a (base 14) to base 9
11
4 (base 12) to base 3
11
22 (base 12) to base 13
20
-66 (base 14) to base 10
-90
What is -10001001 (base 2) in base 4?
-2021
13 (base 16) to base 12
17
-22 (base 3) to base 7
-11
What is -1 (base 7) in base 14?
-1
2110 (base 3) to base 2
1000010
What is -4 (base 12) in base 14?
-4
-2 (base 8) to base 9
-2
19 (base 10) to base 4
103
3 (base 13) to base 15
3
1014 (base 5) to base 14
98
6 (base 7) to base 15
6
-1 (base 14) to base 16
-1
Convert 7 (base 15) to base 8.
7
Convert -132 (base 4) to base 5.
-110
What is 13 (base 6) in base 4?
21
What is -4 (base 6) in base 5?
-4
What is -182 (base 10) in base 4?
-2312
What is -2 (base 7) in base 6?
-2
What is 0 (base 15) in base 16?
0
What is -1 (base 9) in base 15?
-1
What is 0 (base 7) in base 13?
0
-16 (base 12) to base 15
-13
What is -10100 (base 2) in base 11?
-19
6 (base 7) to base 11
6
-161 (base 9) to base 6
-344
3c (base 13) to base 5
201
-455 (base 6) to base 9
-218
Convert 12 (base 4) to base 9.
6
0 (base 7) to base 15
0
Convert 1 (base 14) to base 8.
1
What is -48 (base 14) in base 13?
-4c
What is 2 (base 7) in base 13?
2
What is -132 (base 8) in base 12?
-76
-11 (base 3) to base 7
-4
What is 12 (base 6) in base 11?
8
What is -1000 (base 2) in base 6?
-12
Convert -1e (base 15) to base 9.
-32
15 (base 6) to base 5
21
What is 1332 (base 5) in base 15?
e7
-1 (base 13) to base 2
-1
What is -110 (base 3) in base 16?
-c
10 (base 4) to base 8
4
0 (base 14) to base 16
0
-163 (base 9) to base 2
-10001010
What is 1240 (base 5) in base 10?
195
15 (base 6) to base 7
14
What is -10d (base 15) in base 2?
-11101110
What is -352 (base 10) in base 8?
-540
Convert -15 (base 7) to base 2.
-1100
-4 (base 8) to base 15
-4
Convert 72 (base 9) to base 14.
49
Convert -2123 (base 5) to base 11.
-242
What is 20 (base 13) in base 6?
42
Convert 1223 (base 4) to base 3.
10222
1 (base 7) to base 14
1
-21 (base 7) to base 16
-f
Convert -1 (base 10) to base 3.
-1
-4 (base 6) to base 4
-10
2 (base 9) to base 15
2
What is -193 (base 13) in base 15?
-144
Convert -85 (base 13) to base 16.
-6d
Convert -1 (base 2) to base 8.
-1
Convert -222 (base 7) to base 11.
-a4
Convert 15 (base 12) to base 10.
17